{"id":18,"date":"2023-11-23T13:08:53","date_gmt":"2023-11-23T11:08:53","guid":{"rendered":"https:\/\/astronomie-club-ostfriesland.de\/?page_id=18"},"modified":"2025-10-23T16:08:12","modified_gmt":"2025-10-23T14:08:12","slug":"ato","status":"publish","type":"page","link":"https:\/\/astronomie-club-ostfriesland.de\/?page_id=18","title":{"rendered":"Astronomietage Ostfriesland &#8211; ATO"},"content":{"rendered":"\n<p><a href=\"?page_id=1816\" data-type=\"internal\" data-id=\"#swat\">Klicke hier f\u00fcr Infos zum Sommersonnenwende Astronomietage &#8211; SWAT<\/a>.<\/p>\n\n\n\n<style>\n\/* Stile f\u00fcr den umschlie\u00dfenden Container *\/\n.ato-container {\n    display: flex; \/* Aktiviert Flexbox *\/\n    flex-wrap: wrap; \/* Erlaubt das Umflie\u00dfen von Elementen *\/\n    align-items: flex-start; \/* Ausrichtung der Elemente am Anfang *\/\n    gap: 20px; \/* Abstand zwischen Elementen *\/\n}\n\n\/* Stil f\u00fcr das Bild *\/\n.ato-image {\n    margin-top: 20px;\n    max-width: 250px; \/* Sorgt daf\u00fcr, dass das Bild responsiv ist *\/\n    height: auto; \/* Beh\u00e4lt das Seitenverh\u00e4ltnis des Bildes bei *\/\n}\n\n\/* Media Query f\u00fcr mobile Ger\u00e4te *\/\n@media (max-width: 600px) {\n    .ato-container {\n        flex-direction: column; \/* Stapelt die Elemente vertikal *\/\n    }\n}\n\/* Grundlegende Stil-Einstellungen f\u00fcr die Tabelle *\/\n.ato-table {\n     \/* Tabelle nimmt die volle Breite des Containers ein *\/\n    width: auto !important;\n    border-collapse: collapse; \/* Entfernt den Abstand zwischen Zellen *\/\n    font-family: Arial, sans-serif; \/* Moderne, lesbare Schriftart *\/\n    margin-top: 20px; \/* Etwas Abstand zum oberen Element *\/\n    box-shadow: 0 4px 8px 0 rgba(0,0,0,0.2); \/* Leichter Schatten f\u00fcr Tiefe *\/\n}\n\n\/* Stil f\u00fcr die Kopfzeilen der Tabelle *\/\n.ato-table th {\n    background-color: #002542; \/* Dunkelgr\u00fcne Hintergrundfarbe *\/\n    color: white; \/* Wei\u00dfe Textfarbe f\u00fcr Kontrast *\/\n    font-size: 18px; \/* Etwas gr\u00f6\u00dfere Schrift f\u00fcr die \u00dcberschriften *\/\n    padding: 12px; \/* Polsterung f\u00fcr mehr Platz um den Text *\/\n    text-align: left; \/* Links ausgerichteter Text *\/\n}\n\n\/* Stil f\u00fcr die Zellendaten *\/\n.ato-table td {\n    padding: 10px; \/* Polsterung f\u00fcr mehr Platz um den Text *\/\n    text-align: left; \/* Links ausgerichteter Text *\/\n    border-bottom: 1px solid #ddd; \/* Leichte Linie f\u00fcr die Trennung der Zeilen *\/\n}\n\n\/* Stil f\u00fcr die Zeilen beim \u00dcberfahren mit der Maus *\/\n.ato-table tr:hover {background-color: #f5f5f5;}\n\n<\/style>\n<div class=\"ato-container\">\n<table class=\"ato-table\">\n<tr>\n<th>Wann<\/th>\n<td>10.10. &#8211; 18.10.2026<\/td>\n<\/tr>\n<tr>\n<th>Wo<\/th>\n<td>\nDorfgemeinschaftshaus in Zwischenbergen<\/br><\/br>\n26639 Zwischenbergen, Mittelweg 38 (<a href=\"https:\/\/maps.app.goo.gl\/HJzGkqLw5HU3zAbD6\" target=\"_blank\" rel=\"noreferrer noopener\">Karte \u00f6ffnen<\/a>)<\/td>\n<\/tr>\n<tr>\n<th>Kosten<\/th>\n<td>3 EUR pro Person und \u00dcbernachtung (Zelt, Wohnwagen, &#8230;)<\/td>\n<\/tr>\n<\/table>\n<img decoding=\"async\" src=\"https:\/\/astronomie-club-ostfriesland.de\/wp-content\/uploads\/2024\/01\/Astronomietage-Ostfriesland_btrans.png\" class=\"ato-image\" \/>\n<\/div>\n\n\n\n<p>Die 20. Astronomie Tage Ostfrieslands (ATO), die vom 10. bis 18. Oktober 2025 beim Dorfgemeinschaftshaus in Zwischenbergen stattfinden, sind eines der gr\u00f6\u00dften Teleskoptreffen in Nordwestdeutschland. Als Astronomie Club Ostfriesland e. V. richten wir dieses mehrt\u00e4gige Event seit fast zwei Jahrzehnten aus. Es lockt jedes Jahr zahlreiche Besucherinnen und Besucher aus ganz Deutschland und den Niederlanden an, die ihre Leidenschaft f\u00fcr die Sterne teilen.<\/p>\n\n\n\n<p>Egal, ob eingefleischte Hobbyastronomen oder neugierige Einsteiger \u2013 bei uns treffen sich Gleichgesinnte, um gemeinsam den Sternenhimmel zu erkunden, Teleskope zu vergleichen und sich \u00fcber Sternbilder, Technik und Beobachtungserfahrungen auszutauschen. Neben geselligen Runden, in denen man voneinander lernen und fachsimpeln kann, bieten wir spannende Vortr\u00e4ge und praktische Workshops an. Das Treffen ist besonders f\u00fcr Neulinge und Interessierte eine hervorragende Gelegenheit, eine Vielzahl an astronomischen Ger\u00e4ten aus n\u00e4chster N\u00e4he zu erleben und selbst auszuprobieren.<\/p>\n\n\n\n<p>\u00dcbernachtungen mit Wohnmobil, Wohnwagen oder Zelt sind direkt vor Ort m\u00f6glich. F\u00fcr nur drei Euro pro Person und Nacht bieten sich bei klarem Wetter beste Voraussetzungen f\u00fcr eindrucksvolle Blicke in den dunklen Nachthimmel, der in vielen anderen Regionen durch Lichtverschmutzung stark beeintr\u00e4chtigt ist.<\/p>\n\n\n\n<p>Wir laden alle herzlich ein, an den Astronomie Tagen Ostfrieslands teilzunehmen, in die faszinierende Welt der Astronomie einzutauchen und gemeinsam mit uns die Sterne zu entdecken!<\/p>\n\n\n<div class=\"wp-block-image\">\n<figure class=\"alignleft size-full is-resized\"><img loading=\"lazy\" decoding=\"async\" width=\"640\" height=\"302\" src=\"https:\/\/astronomie-club-ostfriesland.de\/wp-content\/uploads\/2022\/10\/IMG_2835_TMkl.jpg\" alt=\"\" class=\"wp-image-911\" style=\"width:790px;height:auto\" srcset=\"https:\/\/astronomie-club-ostfriesland.de\/wp-content\/uploads\/2022\/10\/IMG_2835_TMkl.jpg 640w, https:\/\/astronomie-club-ostfriesland.de\/wp-content\/uploads\/2022\/10\/IMG_2835_TMkl-300x142.jpg 300w, https:\/\/astronomie-club-ostfriesland.de\/wp-content\/uploads\/2022\/10\/IMG_2835_TMkl-230x109.jpg 230w, https:\/\/astronomie-club-ostfriesland.de\/wp-content\/uploads\/2022\/10\/IMG_2835_TMkl-350x165.jpg 350w, https:\/\/astronomie-club-ostfriesland.de\/wp-content\/uploads\/2022\/10\/IMG_2835_TMkl-480x227.jpg 480w\" sizes=\"auto, (max-width: 640px) 100vw, 640px\" \/><\/figure>\n<\/div>\n\n\n<figure class=\"wp-block-video alignleft\"><video height=\"454\" style=\"aspect-ratio: 800 \/ 454;\" width=\"800\" controls loop muted src=\"https:\/\/astronomie-club-ostfriesland.de\/wp-content\/uploads\/2022\/10\/DJI_0034.mp4\"><\/video><\/figure>\n","protected":false},"excerpt":{"rendered":"<p>Klicke hier f\u00fcr Infos zum Sommersonnenwende Astronomietage &#8211; SWAT. Wann 10.10. &#8211; 18.10.2026 Wo Dorfgemeinschaftshaus in Zwischenbergen 26639 Zwischenbergen, Mittelweg 38 (Karte [&hellip;]<\/p>\n","protected":false},"author":8,"featured_media":0,"parent":0,"menu_order":0,"comment_status":"closed","ping_status":"closed","template":"","meta":{"footnotes":""},"class_list":["post-18","page","type-page","status-publish","hentry"],"jetpack_sharing_enabled":true,"_links":{"self":[{"href":"https:\/\/astronomie-club-ostfriesland.de\/index.php?rest_route=\/wp\/v2\/pages\/18","targetHints":{"allow":["GET"]}}],"collection":[{"href":"https:\/\/astronomie-club-ostfriesland.de\/index.php?rest_route=\/wp\/v2\/pages"}],"about":[{"href":"https:\/\/astronomie-club-ostfriesland.de\/index.php?rest_route=\/wp\/v2\/types\/page"}],"author":[{"embeddable":true,"href":"https:\/\/astronomie-club-ostfriesland.de\/index.php?rest_route=\/wp\/v2\/users\/8"}],"replies":[{"embeddable":true,"href":"https:\/\/astronomie-club-ostfriesland.de\/index.php?rest_route=%2Fwp%2Fv2%2Fcomments&post=18"}],"version-history":[{"count":78,"href":"https:\/\/astronomie-club-ostfriesland.de\/index.php?rest_route=\/wp\/v2\/pages\/18\/revisions"}],"predecessor-version":[{"id":2341,"href":"https:\/\/astronomie-club-ostfriesland.de\/index.php?rest_route=\/wp\/v2\/pages\/18\/revisions\/2341"}],"wp:attachment":[{"href":"https:\/\/astronomie-club-ostfriesland.de\/index.php?rest_route=%2Fwp%2Fv2%2Fmedia&parent=18"}],"curies":[{"name":"wp","href":"https:\/\/api.w.org\/{rel}","templated":true}]}}