{"id":2100,"date":"2024-12-10T22:15:09","date_gmt":"2024-12-10T20:15:09","guid":{"rendered":"https:\/\/astronomie-club-ostfriesland.de\/?page_id=2100"},"modified":"2024-12-10T22:17:49","modified_gmt":"2024-12-10T20:17:49","slug":"unsere-themen-allgemein","status":"publish","type":"page","link":"https:\/\/astronomie-club-ostfriesland.de\/?page_id=2100","title":{"rendered":"Unsere Themen &#8211; Allgemein"},"content":{"rendered":"\n<div class=\"wp-block-buttons is-layout-flex wp-block-buttons-is-layout-flex\">\n<div class=\"wp-block-button\"><a class=\"wp-block-button__link wp-element-button\" href=\"https:\/\/astronomie-club-ostfriesland.de\/?page_id=2005\">ALLE<\/a><\/div>\n\n\n\n<div class=\"wp-block-button\"><a class=\"wp-block-button__link wp-element-button\" href=\"https:\/\/astronomie-club-ostfriesland.de\/?page_id=2100\">Allgemein<\/a><\/div>\n\n\n\n<div class=\"wp-block-button\"><a class=\"wp-block-button__link wp-element-button\" href=\"https:\/\/astronomie-club-ostfriesland.de\/?page_id=2071\">Berichte<\/a><\/div>\n\n\n\n<div class=\"wp-block-button\"><a class=\"wp-block-button__link wp-element-button\" href=\"https:\/\/astronomie-club-ostfriesland.de\/?page_id=2081\">Tutorials<\/a><\/div>\n\n\n\n<div class=\"wp-block-button\"><a class=\"wp-block-button__link wp-element-button\" href=\"https:\/\/astronomie-club-ostfriesland.de\/?page_id=2083\">Projekte<\/a><\/div>\n<\/div>\n\n\n\n<hr class=\"wp-block-separator has-alpha-channel-opacity is-style-default\"\/>\n\n\n<ul class=\"wp-block-latest-posts__list has-author min-height-200 wp-block-latest-posts\"><li><a class=\"wp-block-latest-posts__post-title\" href=\"https:\/\/astronomie-club-ostfriesland.de\/?p=2415\">Tag der Astronomie am 28.3.2026<\/a><div class=\"wp-block-latest-posts__post-author\">von Daniel<\/div><div class=\"wp-block-latest-posts__post-excerpt\">Zum Tag der Astronomie und Raumfahrt laden wir gemeinsam mit dem Astronomischen Verein Wilhelmshaven\u2013Friesland e.V. zu einem spannenden Tag rund um Astronomie,\u2026\u00a0<a class=\"wp-block-latest-posts__read-more\" href=\"https:\/\/astronomie-club-ostfriesland.de\/?p=2415\" rel=\"noopener noreferrer\"><span class=\"screen-reader-text\">Tag der Astronomie am 28.3.2026 <\/span>weiterlesen<\/a><\/div><\/li>\n<li><div class=\"wp-block-latest-posts__featured-image alignleft\"><a href=\"https:\/\/astronomie-club-ostfriesland.de\/?p=2291\" aria-label=\"19. Astronomie-Tage Ostfriesland 2025\"><img loading=\"lazy\" decoding=\"async\" width=\"150\" height=\"150\" src=\"https:\/\/astronomie-club-ostfriesland.de\/wp-content\/uploads\/2025\/10\/8CA2AFAD-1C3E-419C-B3C6-60519030119F-150x150.jpeg\" class=\"attachment-thumbnail size-thumbnail wp-post-image\" alt=\"\" style=\"max-width:150px;max-height:150px;\" \/><\/a><\/div><a class=\"wp-block-latest-posts__post-title\" href=\"https:\/\/astronomie-club-ostfriesland.de\/?p=2291\">19. Astronomie-Tage Ostfriesland 2025<\/a><div class=\"wp-block-latest-posts__post-author\">von Sabrina Enderle-Kleb<\/div><div class=\"wp-block-latest-posts__post-excerpt\">Vom 10. bis 19. Oktober fanden die 19. Astronomie-Tage Ostfriesland in Zwischenbergen statt. Das traditionsreiche Teleskoptreffen wurde in diesem Jahr durch ein\u2026\u00a0<a class=\"wp-block-latest-posts__read-more\" href=\"https:\/\/astronomie-club-ostfriesland.de\/?p=2291\" rel=\"noopener noreferrer\"><span class=\"screen-reader-text\">19. Astronomie-Tage Ostfriesland 2025 <\/span>weiterlesen<\/a><\/div><\/li>\n<li><div class=\"wp-block-latest-posts__featured-image alignleft\"><a href=\"https:\/\/astronomie-club-ostfriesland.de\/?p=2277\" aria-label=\"R\u00fcckblick: Totale Mondfinsternis am 07.09.2025\"><img loading=\"lazy\" decoding=\"async\" width=\"150\" height=\"150\" src=\"https:\/\/astronomie-club-ostfriesland.de\/wp-content\/uploads\/2025\/10\/6708540C-1D47-44E6-83A0-C8534212CC54-150x150.jpeg\" class=\"attachment-thumbnail size-thumbnail wp-post-image\" alt=\"\" style=\"max-width:150px;max-height:150px;\" \/><\/a><\/div><a class=\"wp-block-latest-posts__post-title\" href=\"https:\/\/astronomie-club-ostfriesland.de\/?p=2277\">R\u00fcckblick: Totale Mondfinsternis am 07.09.2025<\/a><div class=\"wp-block-latest-posts__post-author\">von Sabrina Enderle-Kleb<\/div><div class=\"wp-block-latest-posts__post-excerpt\">Bei zun\u00e4chst vielversprechendem Wetter trafen sich am Abend des 7. September mehrere Mitglieder des Astronomie-Clubs Ostfriesland zu einer gemeinsamen Beobachtung der totalen\u2026\u00a0<a class=\"wp-block-latest-posts__read-more\" href=\"https:\/\/astronomie-club-ostfriesland.de\/?p=2277\" rel=\"noopener noreferrer\"><span class=\"screen-reader-text\">R\u00fcckblick: Totale Mondfinsternis am 07.09.2025 <\/span>weiterlesen<\/a><\/div><\/li>\n<li><div class=\"wp-block-latest-posts__featured-image alignleft\"><a href=\"https:\/\/astronomie-club-ostfriesland.de\/?p=2168\" aria-label=\"Die partielle Sonnenfinsternis am 29.3.2025\"><img loading=\"lazy\" decoding=\"async\" width=\"150\" height=\"150\" src=\"https:\/\/astronomie-club-ostfriesland.de\/wp-content\/uploads\/2025\/03\/IMG_5315_qs-150x150.jpg\" class=\"attachment-thumbnail size-thumbnail wp-post-image\" alt=\"\" style=\"max-width:150px;max-height:150px;\" srcset=\"https:\/\/astronomie-club-ostfriesland.de\/wp-content\/uploads\/2025\/03\/IMG_5315_qs-150x150.jpg 150w, https:\/\/astronomie-club-ostfriesland.de\/wp-content\/uploads\/2025\/03\/IMG_5315_qs-300x300.jpg 300w, https:\/\/astronomie-club-ostfriesland.de\/wp-content\/uploads\/2025\/03\/IMG_5315_qs-1024x1024.jpg 1024w, https:\/\/astronomie-club-ostfriesland.de\/wp-content\/uploads\/2025\/03\/IMG_5315_qs-768x768.jpg 768w, https:\/\/astronomie-club-ostfriesland.de\/wp-content\/uploads\/2025\/03\/IMG_5315_qs-1000x1000.jpg 1000w, https:\/\/astronomie-club-ostfriesland.de\/wp-content\/uploads\/2025\/03\/IMG_5315_qs-230x230.jpg 230w, https:\/\/astronomie-club-ostfriesland.de\/wp-content\/uploads\/2025\/03\/IMG_5315_qs-350x350.jpg 350w, https:\/\/astronomie-club-ostfriesland.de\/wp-content\/uploads\/2025\/03\/IMG_5315_qs-480x480.jpg 480w, https:\/\/astronomie-club-ostfriesland.de\/wp-content\/uploads\/2025\/03\/IMG_5315_qs.jpg 1078w\" sizes=\"auto, (max-width: 150px) 100vw, 150px\" \/><\/a><\/div><a class=\"wp-block-latest-posts__post-title\" href=\"https:\/\/astronomie-club-ostfriesland.de\/?p=2168\">Die partielle Sonnenfinsternis am 29.3.2025<\/a><div class=\"wp-block-latest-posts__post-author\">von Sabrina Enderle-Kleb<\/div><div class=\"wp-block-latest-posts__post-excerpt\">Was ist eine Sonnenfinsternis? Eine Sonnenfinsternis tritt auf, wenn der Mond sich genau zwischen Erde und Sonne schiebt und dabei das Sonnenlicht\u2026\u00a0<a class=\"wp-block-latest-posts__read-more\" href=\"https:\/\/astronomie-club-ostfriesland.de\/?p=2168\" rel=\"noopener noreferrer\"><span class=\"screen-reader-text\">Die partielle Sonnenfinsternis am 29.3.2025 <\/span>weiterlesen<\/a><\/div><\/li>\n<li><a class=\"wp-block-latest-posts__post-title\" href=\"https:\/\/astronomie-club-ostfriesland.de\/?p=2141\">Tag der Astronomie am 29.3.2025<\/a><div class=\"wp-block-latest-posts__post-author\">von Sabrina Enderle-Kleb<\/div><div class=\"wp-block-latest-posts__post-excerpt\">Zum Tag der Astronomie &amp; Tag der Raumfahrt unterst\u00fctzen wir den Astronomischen Verein Wilhelmshaven-Friesland e.V. im Jade Innovationszentrum Wilhelmshaven und bieten einen\u2026\u00a0<a class=\"wp-block-latest-posts__read-more\" href=\"https:\/\/astronomie-club-ostfriesland.de\/?p=2141\" rel=\"noopener noreferrer\"><span class=\"screen-reader-text\">Tag der Astronomie am 29.3.2025 <\/span>weiterlesen<\/a><\/div><\/li>\n<li><div class=\"wp-block-latest-posts__featured-image alignleft\"><a href=\"https:\/\/astronomie-club-ostfriesland.de\/?p=1930\" aria-label=\"18. Astronomie-Tage Ostfriesland 2024 &#8211; Polarlichter inklusive\"><img loading=\"lazy\" decoding=\"async\" width=\"150\" height=\"150\" src=\"https:\/\/astronomie-club-ostfriesland.de\/wp-content\/uploads\/2024\/10\/ATO-Logo_AURORA-01-150x150.jpg\" class=\"attachment-thumbnail size-thumbnail wp-post-image\" alt=\"\" style=\"max-width:150px;max-height:150px;\" \/><\/a><\/div><a class=\"wp-block-latest-posts__post-title\" href=\"https:\/\/astronomie-club-ostfriesland.de\/?p=1930\">18. Astronomie-Tage Ostfriesland 2024 &#8211; Polarlichter inklusive<\/a><div class=\"wp-block-latest-posts__post-author\">von Sabrina Enderle-Kleb<\/div><div class=\"wp-block-latest-posts__post-excerpt\">Die diesj\u00e4hrigen Astronomie-Tage Ostfriesland war ein voller Erfolg. Vom 5. bis 13. Oktober 2024 versammelten sich Hobby-Astronomen aus ganz Deutschland auf der\u2026\u00a0<a class=\"wp-block-latest-posts__read-more\" href=\"https:\/\/astronomie-club-ostfriesland.de\/?p=1930\" rel=\"noopener noreferrer\"><span class=\"screen-reader-text\">18. Astronomie-Tage Ostfriesland 2024 &#8211; Polarlichter inklusive <\/span>weiterlesen<\/a><\/div><\/li>\n<li><a class=\"wp-block-latest-posts__post-title\" href=\"https:\/\/astronomie-club-ostfriesland.de\/?p=326\">Best of<\/a><div class=\"wp-block-latest-posts__post-author\">von M.Schneider<\/div><div class=\"wp-block-latest-posts__post-excerpt\">Eine kleine Auswahl der besten Astrofotos unserer Mitglieder. Den Anfang macht M42 von Arthur: Die Daten dazu: 88 Frames 120 Sek. mit\u2026\u00a0<a class=\"wp-block-latest-posts__read-more\" href=\"https:\/\/astronomie-club-ostfriesland.de\/?p=326\" rel=\"noopener noreferrer\"><span class=\"screen-reader-text\">Best of <\/span>weiterlesen<\/a><\/div><\/li>\n<li><a class=\"wp-block-latest-posts__post-title\" href=\"https:\/\/astronomie-club-ostfriesland.de\/?p=111\">ANWE<\/a><div class=\"wp-block-latest-posts__post-author\">von M.Schneider<\/div><div class=\"wp-block-latest-posts__post-excerpt\">Das Universum f\u00fcr die Region LEB und Uni Oldenburg erschaffen mobile SternwarteIm ammerl\u00e4ndischen Haarenstroth entsteht derzeit mit F\u00f6rdergeldern des Bundesministeriums f\u00fcr Bildung\u2026\u00a0<a class=\"wp-block-latest-posts__read-more\" href=\"https:\/\/astronomie-club-ostfriesland.de\/?p=111\" rel=\"noopener noreferrer\"><span class=\"screen-reader-text\">ANWE <\/span>weiterlesen<\/a><\/div><\/li>\n<li><a class=\"wp-block-latest-posts__post-title\" href=\"https:\/\/astronomie-club-ostfriesland.de\/?p=20\">Astrofotografie<\/a><div class=\"wp-block-latest-posts__post-author\">von M.Schneider<\/div><div class=\"wp-block-latest-posts__post-excerpt\">Die Galerie unserer Astrofotos Fotos von Martin Stenke Fotos von Arthur Weber Fotos von David Schmidt Fotos von Markus Bartels Fotos von\u2026\u00a0<a class=\"wp-block-latest-posts__read-more\" href=\"https:\/\/astronomie-club-ostfriesland.de\/?p=20\" rel=\"noopener noreferrer\"><span class=\"screen-reader-text\">Astrofotografie <\/span>weiterlesen<\/a><\/div><\/li>\n<\/ul>","protected":false},"excerpt":{"rendered":"","protected":false},"author":8,"featured_media":0,"parent":0,"menu_order":0,"comment_status":"closed","ping_status":"closed","template":"","meta":{"footnotes":""},"class_list":["post-2100","page","type-page","status-publish","hentry"],"jetpack_sharing_enabled":true,"_links":{"self":[{"href":"https:\/\/astronomie-club-ostfriesland.de\/index.php?rest_route=\/wp\/v2\/pages\/2100","targetHints":{"allow":["GET"]}}],"collection":[{"href":"https:\/\/astronomie-club-ostfriesland.de\/index.php?rest_route=\/wp\/v2\/pages"}],"about":[{"href":"https:\/\/astronomie-club-ostfriesland.de\/index.php?rest_route=\/wp\/v2\/types\/page"}],"author":[{"embeddable":true,"href":"https:\/\/astronomie-club-ostfriesland.de\/index.php?rest_route=\/wp\/v2\/users\/8"}],"replies":[{"embeddable":true,"href":"https:\/\/astronomie-club-ostfriesland.de\/index.php?rest_route=%2Fwp%2Fv2%2Fcomments&post=2100"}],"version-history":[{"count":3,"href":"https:\/\/astronomie-club-ostfriesland.de\/index.php?rest_route=\/wp\/v2\/pages\/2100\/revisions"}],"predecessor-version":[{"id":2109,"href":"https:\/\/astronomie-club-ostfriesland.de\/index.php?rest_route=\/wp\/v2\/pages\/2100\/revisions\/2109"}],"wp:attachment":[{"href":"https:\/\/astronomie-club-ostfriesland.de\/index.php?rest_route=%2Fwp%2Fv2%2Fmedia&parent=2100"}],"curies":[{"name":"wp","href":"https:\/\/api.w.org\/{rel}","templated":true}]}}

<div class="wp-block-buttons is-layout-flex wp-block-buttons-is-layout-flex">
<div class="wp-block-button"><a class="wp-block-button__link wp-element-button" href="https://astronomie-club-ostfriesland.de/?page_id=2005">ALLE</a></div>



<div class="wp-block-button"><a class="wp-block-button__link wp-element-button" href="https://astronomie-club-ostfriesland.de/?page_id=2100">Allgemein</a></div>



<div class="wp-block-button"><a class="wp-block-button__link wp-element-button" href="https://astronomie-club-ostfriesland.de/?page_id=2071">Berichte</a></div>



<div class="wp-block-button"><a class="wp-block-button__link wp-element-button" href="https://astronomie-club-ostfriesland.de/?page_id=2081">Tutorials</a></div>



<div class="wp-block-button"><a class="wp-block-button__link wp-element-button" href="https://astronomie-club-ostfriesland.de/?page_id=2083">Projekte</a></div>
</div>



<hr class="wp-block-separator has-alpha-channel-opacity is-style-default"/>


<ul class="wp-block-latest-posts__list has-author min-height-200 wp-block-latest-posts"><li><a class="wp-block-latest-posts__post-title" href="https://astronomie-club-ostfriesland.de/?p=2415">Tag der Astronomie am 28.3.2026</a><div class="wp-block-latest-posts__post-author">von Daniel</div><div class="wp-block-latest-posts__post-excerpt">Zum Tag der Astronomie und Raumfahrt laden wir gemeinsam mit dem Astronomischen Verein Wilhelmshaven–Friesland e.V. zu einem spannenden Tag rund um Astronomie,… <a class="wp-block-latest-posts__read-more" href="https://astronomie-club-ostfriesland.de/?p=2415" rel="noopener noreferrer"><span class="screen-reader-text">Tag der Astronomie am 28.3.2026 </span>weiterlesen</a></div></li>
<li><div class="wp-block-latest-posts__featured-image alignleft"><a href="https://astronomie-club-ostfriesland.de/?p=2291" aria-label="19. Astronomie-Tage Ostfriesland 2025"><img loading="lazy" decoding="async" width="150" height="150" src="https://astronomie-club-ostfriesland.de/wp-content/uploads/2025/10/8CA2AFAD-1C3E-419C-B3C6-60519030119F-150x150.jpeg" class="attachment-thumbnail size-thumbnail wp-post-image" alt="" style="max-width:150px;max-height:150px;" /></a></div><a class="wp-block-latest-posts__post-title" href="https://astronomie-club-ostfriesland.de/?p=2291">19. Astronomie-Tage Ostfriesland 2025</a><div class="wp-block-latest-posts__post-author">von Sabrina Enderle-Kleb</div><div class="wp-block-latest-posts__post-excerpt">Vom 10. bis 19. Oktober fanden die 19. Astronomie-Tage Ostfriesland in Zwischenbergen statt. Das traditionsreiche Teleskoptreffen wurde in diesem Jahr durch ein… <a class="wp-block-latest-posts__read-more" href="https://astronomie-club-ostfriesland.de/?p=2291" rel="noopener noreferrer"><span class="screen-reader-text">19. Astronomie-Tage Ostfriesland 2025 </span>weiterlesen</a></div></li>
<li><div class="wp-block-latest-posts__featured-image alignleft"><a href="https://astronomie-club-ostfriesland.de/?p=2277" aria-label="Rückblick: Totale Mondfinsternis am 07.09.2025"><img loading="lazy" decoding="async" width="150" height="150" src="https://astronomie-club-ostfriesland.de/wp-content/uploads/2025/10/6708540C-1D47-44E6-83A0-C8534212CC54-150x150.jpeg" class="attachment-thumbnail size-thumbnail wp-post-image" alt="" style="max-width:150px;max-height:150px;" /></a></div><a class="wp-block-latest-posts__post-title" href="https://astronomie-club-ostfriesland.de/?p=2277">Rückblick: Totale Mondfinsternis am 07.09.2025</a><div class="wp-block-latest-posts__post-author">von Sabrina Enderle-Kleb</div><div class="wp-block-latest-posts__post-excerpt">Bei zunächst vielversprechendem Wetter trafen sich am Abend des 7. September mehrere Mitglieder des Astronomie-Clubs Ostfriesland zu einer gemeinsamen Beobachtung der totalen… <a class="wp-block-latest-posts__read-more" href="https://astronomie-club-ostfriesland.de/?p=2277" rel="noopener noreferrer"><span class="screen-reader-text">Rückblick: Totale Mondfinsternis am 07.09.2025 </span>weiterlesen</a></div></li>
<li><div class="wp-block-latest-posts__featured-image alignleft"><a href="https://astronomie-club-ostfriesland.de/?p=2168" aria-label="Die partielle Sonnenfinsternis am 29.3.2025"><img loading="lazy" decoding="async" width="150" height="150" src="https://astronomie-club-ostfriesland.de/wp-content/uploads/2025/03/IMG_5315_qs-150x150.jpg" class="attachment-thumbnail size-thumbnail wp-post-image" alt="" style="max-width:150px;max-height:150px;" srcset="https://astronomie-club-ostfriesland.de/wp-content/uploads/2025/03/IMG_5315_qs-150x150.jpg 150w, https://astronomie-club-ostfriesland.de/wp-content/uploads/2025/03/IMG_5315_qs-300x300.jpg 300w, https://astronomie-club-ostfriesland.de/wp-content/uploads/2025/03/IMG_5315_qs-1024x1024.jpg 1024w, https://astronomie-club-ostfriesland.de/wp-content/uploads/2025/03/IMG_5315_qs-768x768.jpg 768w, https://astronomie-club-ostfriesland.de/wp-content/uploads/2025/03/IMG_5315_qs-1000x1000.jpg 1000w, https://astronomie-club-ostfriesland.de/wp-content/uploads/2025/03/IMG_5315_qs-230x230.jpg 230w, https://astronomie-club-ostfriesland.de/wp-content/uploads/2025/03/IMG_5315_qs-350x350.jpg 350w, https://astronomie-club-ostfriesland.de/wp-content/uploads/2025/03/IMG_5315_qs-480x480.jpg 480w, https://astronomie-club-ostfriesland.de/wp-content/uploads/2025/03/IMG_5315_qs.jpg 1078w" sizes="auto, (max-width: 150px) 100vw, 150px" /></a></div><a class="wp-block-latest-posts__post-title" href="https://astronomie-club-ostfriesland.de/?p=2168">Die partielle Sonnenfinsternis am 29.3.2025</a><div class="wp-block-latest-posts__post-author">von Sabrina Enderle-Kleb</div><div class="wp-block-latest-posts__post-excerpt">Was ist eine Sonnenfinsternis? Eine Sonnenfinsternis tritt auf, wenn der Mond sich genau zwischen Erde und Sonne schiebt und dabei das Sonnenlicht… <a class="wp-block-latest-posts__read-more" href="https://astronomie-club-ostfriesland.de/?p=2168" rel="noopener noreferrer"><span class="screen-reader-text">Die partielle Sonnenfinsternis am 29.3.2025 </span>weiterlesen</a></div></li>
<li><a class="wp-block-latest-posts__post-title" href="https://astronomie-club-ostfriesland.de/?p=2141">Tag der Astronomie am 29.3.2025</a><div class="wp-block-latest-posts__post-author">von Sabrina Enderle-Kleb</div><div class="wp-block-latest-posts__post-excerpt">Zum Tag der Astronomie &amp; Tag der Raumfahrt unterstützen wir den Astronomischen Verein Wilhelmshaven-Friesland e.V. im Jade Innovationszentrum Wilhelmshaven und bieten einen… <a class="wp-block-latest-posts__read-more" href="https://astronomie-club-ostfriesland.de/?p=2141" rel="noopener noreferrer"><span class="screen-reader-text">Tag der Astronomie am 29.3.2025 </span>weiterlesen</a></div></li>
<li><div class="wp-block-latest-posts__featured-image alignleft"><a href="https://astronomie-club-ostfriesland.de/?p=1930" aria-label="18. Astronomie-Tage Ostfriesland 2024 &#8211; Polarlichter inklusive"><img loading="lazy" decoding="async" width="150" height="150" src="https://astronomie-club-ostfriesland.de/wp-content/uploads/2024/10/ATO-Logo_AURORA-01-150x150.jpg" class="attachment-thumbnail size-thumbnail wp-post-image" alt="" style="max-width:150px;max-height:150px;" /></a></div><a class="wp-block-latest-posts__post-title" href="https://astronomie-club-ostfriesland.de/?p=1930">18. Astronomie-Tage Ostfriesland 2024 &#8211; Polarlichter inklusive</a><div class="wp-block-latest-posts__post-author">von Sabrina Enderle-Kleb</div><div class="wp-block-latest-posts__post-excerpt">Die diesjährigen Astronomie-Tage Ostfriesland war ein voller Erfolg. Vom 5. bis 13. Oktober 2024 versammelten sich Hobby-Astronomen aus ganz Deutschland auf der… <a class="wp-block-latest-posts__read-more" href="https://astronomie-club-ostfriesland.de/?p=1930" rel="noopener noreferrer"><span class="screen-reader-text">18. Astronomie-Tage Ostfriesland 2024 &#8211; Polarlichter inklusive </span>weiterlesen</a></div></li>
<li><a class="wp-block-latest-posts__post-title" href="https://astronomie-club-ostfriesland.de/?p=326">Best of</a><div class="wp-block-latest-posts__post-author">von M.Schneider</div><div class="wp-block-latest-posts__post-excerpt">Eine kleine Auswahl der besten Astrofotos unserer Mitglieder. Den Anfang macht M42 von Arthur: Die Daten dazu: 88 Frames 120 Sek. mit… <a class="wp-block-latest-posts__read-more" href="https://astronomie-club-ostfriesland.de/?p=326" rel="noopener noreferrer"><span class="screen-reader-text">Best of </span>weiterlesen</a></div></li>
<li><a class="wp-block-latest-posts__post-title" href="https://astronomie-club-ostfriesland.de/?p=111">ANWE</a><div class="wp-block-latest-posts__post-author">von M.Schneider</div><div class="wp-block-latest-posts__post-excerpt">Das Universum für die Region LEB und Uni Oldenburg erschaffen mobile SternwarteIm ammerländischen Haarenstroth entsteht derzeit mit Fördergeldern des Bundesministeriums für Bildung… <a class="wp-block-latest-posts__read-more" href="https://astronomie-club-ostfriesland.de/?p=111" rel="noopener noreferrer"><span class="screen-reader-text">ANWE </span>weiterlesen</a></div></li>
<li><a class="wp-block-latest-posts__post-title" href="https://astronomie-club-ostfriesland.de/?p=20">Astrofotografie</a><div class="wp-block-latest-posts__post-author">von M.Schneider</div><div class="wp-block-latest-posts__post-excerpt">Die Galerie unserer Astrofotos Fotos von Martin Stenke Fotos von Arthur Weber Fotos von David Schmidt Fotos von Markus Bartels Fotos von… <a class="wp-block-latest-posts__read-more" href="https://astronomie-club-ostfriesland.de/?p=20" rel="noopener noreferrer"><span class="screen-reader-text">Astrofotografie </span>weiterlesen</a></div></li>
</ul>
